{"id":828,"date":"2024-01-04T21:24:27","date_gmt":"2024-01-04T21:24:27","guid":{"rendered":"https:\/\/morsoelitteraturforening.dk\/?page_id=828"},"modified":"2024-01-04T21:33:21","modified_gmt":"2024-01-04T21:33:21","slug":"limfjordsdigterne-foredrag-ved-susanne-v-knudsen-og-else-bisgaard","status":"publish","type":"page","link":"https:\/\/morsoelitteraturforening.dk\/index.php\/limfjordsdigterne-foredrag-ved-susanne-v-knudsen-og-else-bisgaard\/","title":{"rendered":"Limfjordsdigterne: Foredrag ved Susanne V. Knudsen og Else Bisgaard"},"content":{"rendered":"\n<div class=\"wp-block-group alignfull has-global-padding is-layout-constrained wp-container-core-group-is-layout-19e250f3 wp-block-group-is-layout-constrained\">\n<div class=\"wp-block-cover alignfull has-custom-content-position is-position-top-center aplo-has-filters\" style=\"padding-top:0;padding-right:0;padding-bottom:0;padding-left:0;min-height:300px;--aplo-filter-string:drop-shadow(0 2px 2px rgba(var(--aplo-fdsc), var(--aplo-fdso)));--aplo-clip:9%;aspect-ratio:unset;\"><span aria-hidden=\"true\" class=\"wp-block-cover__background has-background-dim-30 has-background-dim\"><\/span><img loading=\"lazy\" decoding=\"async\" width=\"1200\" height=\"900\" class=\"wp-block-cover__image-background wp-image-393\" alt=\"\" src=\"https:\/\/morsoelitteraturforening.dk\/wp-content\/uploads\/2023\/02\/AnneLiseMarstrandJorgensen_20feb23.jpg\" style=\"object-position:52% 45%\" data-object-fit=\"cover\" data-object-position=\"52% 45%\" srcset=\"https:\/\/morsoelitteraturforening.dk\/wp-content\/uploads\/2023\/02\/AnneLiseMarstrandJorgensen_20feb23.jpg 1200w, https:\/\/morsoelitteraturforening.dk\/wp-content\/uploads\/2023\/02\/AnneLiseMarstrandJorgensen_20feb23-300x225.jpg 300w, https:\/\/morsoelitteraturforening.dk\/wp-content\/uploads\/2023\/02\/AnneLiseMarstrandJorgensen_20feb23-1024x768.jpg 1024w, https:\/\/morsoelitteraturforening.dk\/wp-content\/uploads\/2023\/02\/AnneLiseMarstrandJorgensen_20feb23-768x576.jpg 768w\" sizes=\"auto, (max-width: 1200px) 100vw, 1200px\" \/><div class=\"wp-block-cover__inner-container is-layout-flow wp-block-cover-is-layout-flow\">\n<div style=\"height:60px\" aria-hidden=\"true\" class=\"wp-block-spacer\"><\/div>\n\n\n\n<h2 class=\"wp-block-heading has-text-align-center has-base-color has-text-color has-x-large-font-size aploanim fadeup \" style=\"margin-top:0;margin-right:0;margin-bottom:0;margin-left:0;--aplo-tedu:1000ms\">Tirsdag den 27. februar 2024<\/h2>\n<\/div><\/div>\n\n\n\n<div class=\"wp-block-group alignwide has-base-background-color has-background aploanim fadeup  aplo-has-hover-filters aplo-has-pull-styles has-global-padding is-layout-constrained wp-container-core-group-is-layout-d52d615c wp-block-group-is-layout-constrained\" style=\"border-radius:5px;padding-top:var(--wp--preset--spacing--30);padding-right:var(--wp--preset--spacing--20);padding-bottom:var(--wp--preset--spacing--20);padding-left:var(--wp--preset--spacing--20);--aplo-filter-hover-string:;--aplo-tedu:750ms;position:relative;z-index:2;margin-top:-81px\">\n<p class=\"has-text-align-center has-link-color wp-elements-7452d05a5647f41b64581bcf0f18137c\">St\u00f8berisalen, Mors\u00f8 Folkebibliotek, Holgersgade 7, 7900 Nyk\u00f8bing Mors<\/p>\n\n\n\n<p class=\"has-text-align-center\">Entr\u00e9: Gratis for medlemmer af Mors\u00f8 Litteraturforening \/ 75 kr. for ikke-medlemmer<\/p>\n<\/div>\n<\/div>\n\n\n\n<div class=\"wp-block-columns is-layout-flex wp-container-core-columns-is-layout-28f84493 wp-block-columns-is-layout-flex\">\n<div class=\"wp-block-column is-layout-flow wp-block-column-is-layout-flow\" style=\"flex-basis:100%\">\n<div class=\"wp-block-group has-global-padding is-layout-constrained wp-block-group-is-layout-constrained\" style=\"padding-top:0;padding-bottom:var(--wp--preset--spacing--20)\">\n<div class=\"wp-block-columns is-layout-flex wp-container-core-columns-is-layout-28f84493 wp-block-columns-is-layout-flex\">\n<div class=\"wp-block-column is-layout-flow wp-block-column-is-layout-flow\" style=\"padding-top:var(--wp--preset--spacing--30);padding-bottom:var(--wp--preset--spacing--40)\">\n<div class=\"wp-block-columns is-not-stacked-on-mobile is-layout-flex wp-container-core-columns-is-layout-28232c24 wp-block-columns-is-layout-flex\">\n<div class=\"wp-block-column aploanim fadeup  aplo-has-filters aplo-has-transforms aplo-has-pull-styles is-layout-flow wp-block-column-is-layout-flow\" style=\"padding-bottom:var(--wp--preset--spacing--30);--aplo-filter-string:drop-shadow(5px 5px 5px rgba(var(--aplo-fdsc), var(--aplo-fdso)));--aplo-transform-string:translateY(15px) ;--aplo-tede:250ms\">\n<div class=\"wp-block-group aploanim fadeup  aplo-has-pull-styles has-global-padding is-layout-constrained wp-block-group-is-layout-constrained\">\n<figure class=\"wp-block-image size-full\"><img loading=\"lazy\" decoding=\"async\" width=\"640\" height=\"850\" src=\"https:\/\/morsoelitteraturforening.dk\/wp-content\/uploads\/2024\/01\/Limfjordsdigterne-1.webp\" alt=\"\" class=\"wp-image-851\" srcset=\"https:\/\/morsoelitteraturforening.dk\/wp-content\/uploads\/2024\/01\/Limfjordsdigterne-1.webp 640w, https:\/\/morsoelitteraturforening.dk\/wp-content\/uploads\/2024\/01\/Limfjordsdigterne-1-226x300.webp 226w\" sizes=\"auto, (max-width: 640px) 100vw, 640px\" \/><figcaption class=\"wp-element-caption\">Limfjordsdigterne<br>Foto: Bogomslag<\/figcaption><\/figure>\n<\/div>\n<\/div>\n<\/div>\n<\/div>\n\n\n\n<div class=\"wp-block-column is-vertically-aligned-center has-base-color has-contrast-background-color has-text-color has-background aplo-has-filters is-layout-flow wp-block-column-is-layout-flow\" style=\"padding-top:var(--wp--preset--spacing--30);padding-right:var(--wp--preset--spacing--30);padding-bottom:var(--wp--preset--spacing--30);padding-left:var(--wp--preset--spacing--30);flex-basis:55%;--aplo-filter-string:drop-shadow(3px 3px 3px rgba(var(--aplo-fdsc), var(--aplo-fdso)))\">\n<p class=\"\"><strong>Tirsdag den 27. februar kl. 19:30<\/strong><\/p>\n\n\n\n<p class=\"\"><strong>Limfjordsdigterne: Foredrag ved<\/strong> <strong>Susanne V. Knudsen og Else Bisgaard.<\/strong><\/p>\n\n\n\n<p class=\"\">Susanne V. Knudsen og Else Bisgaard vil i foredraget rette<br>opm\u00e6rksomheden mod Limfjordsegnens forfattere 1820 \u2013 1930. I disse \u00e5r voksede forfatterskaber frem i et antal og med en pondus, som gav genlyd lokalt og nationalt. Kendte forfattere bliver pr\u00e6senteret, men i foredraget vil der ogs\u00e5 fort\u00e6lles om mindre kendte og glemte forfattere.<\/p>\n\n\n\n<p class=\"\">De fleste kender til J.P. Jacobsen, Jeppe Aakj\u00e6r, Marie Bregendahl, Johannes V. Jensen og Thit Jensen, Johan Skjoldborg og Hans Kirk. Men hvem husker fx Henriette Nielsen og Poul Henrichsen? Eller Charlotte Sannom som havde r\u00f8dder p\u00e5 Mors? Ogs\u00e5 Aase Hansen og Bertel-Budtz-M\u00fcller er delvist forsvundet ud af litteraturhistorien. Alle havde de tydelig tilknytning til Limfjordsegnen. Foredragsholderne er bl.a. g\u00e5et p\u00e5 jagt efter Limfjordens betydning i deres litteratur.<\/p>\n\n\n\n<p class=\"\"><br>Susanne V. Knudsen er cand.phil. i Nordisk sprog og litteratur, dr.phil., professor emerita og forfatter. Hun er vokset op i Thy og bor i dag med udsigt til Limfjorden.<\/p>\n\n\n\n<p class=\"\">Det g\u00f8r ogs\u00e5 Else Bisgaard, cand.mag. i dansk og religion og lektor ved Thy Mors HF&amp;VUC. De to udgav sammen<br><em>\u201dLimfjordsdigterne. Litteraturhistorie 1820 \u2013 1930<\/em>\u201d p\u00e5 Limfjordsforlaget i 2023.<\/p>\n\n\n\n<p class=\"\"><em>Arrangement i samarbejde med Mors\u00f8 Folkeuniversitet.<\/em><\/p>\n\n\n\n<p class=\"\"><\/p>\n<\/div>\n<\/div>\n<\/div>\n<\/div>\n<\/div>\n","protected":false},"excerpt":{"rendered":"<p>St\u00f8berisalen, Mors\u00f8 Folkebibliotek, Holgersgade 7, 7900 Nyk\u00f8bing Mors Entr\u00e9: Gratis for medlemmer af Mors\u00f8 Litteraturforening \/ 75 kr. for ikke-medlemmer Tirsdag den 27. februar kl. 19:30 Limfjordsdigterne: Foredrag ved Susanne V. Knudsen og Else Bisgaard. Susanne V. Knudsen og Else Bisgaard vil i foredraget retteopm\u00e6rksomheden mod Limfjordsegnens forfattere 1820 \u2013 1930. I disse \u00e5r voksede [&hellip;]<\/p>\n","protected":false},"author":3,"featured_media":0,"parent":0,"menu_order":0,"comment_status":"closed","ping_status":"closed","template":"","meta":{"_editorskit_title_hidden":false,"_editorskit_reading_time":0,"_editorskit_is_block_options_detached":false,"_editorskit_block_options_position":"{}","footnotes":""},"class_list":["post-828","page","type-page","status-publish","hentry"],"yoast_head":"<!-- This site is optimized with the Yoast SEO plugin v27.4 - https:\/\/yoast.com\/product\/yoast-seo-wordpress\/ -->\n<title>Limfjordsdigterne: Foredrag ved Susanne V. Knudsen og Else Bisgaard -<\/title>\n<meta name=\"robots\" content=\"index, follow, max-snippet:-1, max-image-preview:large, max-video-preview:-1\" \/>\n<link rel=\"canonical\" href=\"https:\/\/morsoelitteraturforening.dk\/index.php\/limfjordsdigterne-foredrag-ved-susanne-v-knudsen-og-else-bisgaard\/\" \/>\n<meta property=\"og:locale\" content=\"da_DK\" \/>\n<meta property=\"og:type\" content=\"article\" \/>\n<meta property=\"og:title\" content=\"Limfjordsdigterne: Foredrag ved Susanne V. Knudsen og Else Bisgaard -\" \/>\n<meta property=\"og:description\" content=\"St\u00f8berisalen, Mors\u00f8 Folkebibliotek, Holgersgade 7, 7900 Nyk\u00f8bing Mors Entr\u00e9: Gratis for medlemmer af Mors\u00f8 Litteraturforening \/ 75 kr. for ikke-medlemmer Tirsdag den 27. februar kl. 19:30 Limfjordsdigterne: Foredrag ved Susanne V. Knudsen og Else Bisgaard. Susanne V. Knudsen og Else Bisgaard vil i foredraget retteopm\u00e6rksomheden mod Limfjordsegnens forfattere 1820 \u2013 1930. I disse \u00e5r voksede [&hellip;]\" \/>\n<meta property=\"og:url\" content=\"https:\/\/morsoelitteraturforening.dk\/index.php\/limfjordsdigterne-foredrag-ved-susanne-v-knudsen-og-else-bisgaard\/\" \/>\n<meta property=\"article:modified_time\" content=\"2024-01-04T21:33:21+00:00\" \/>\n<meta property=\"og:image\" content=\"https:\/\/morsoelitteraturforening.dk\/wp-content\/uploads\/2023\/02\/AnneLiseMarstrandJorgensen_20feb23.jpg\" \/>\n<meta name=\"twitter:card\" content=\"summary_large_image\" \/>\n<meta name=\"twitter:label1\" content=\"Estimeret l\u00e6setid\" \/>\n\t<meta name=\"twitter:data1\" content=\"2 minutter\" \/>\n<script type=\"application\/ld+json\" class=\"yoast-schema-graph\">{\"@context\":\"https:\\\/\\\/schema.org\",\"@graph\":[{\"@type\":\"WebPage\",\"@id\":\"https:\\\/\\\/morsoelitteraturforening.dk\\\/index.php\\\/limfjordsdigterne-foredrag-ved-susanne-v-knudsen-og-else-bisgaard\\\/\",\"url\":\"https:\\\/\\\/morsoelitteraturforening.dk\\\/index.php\\\/limfjordsdigterne-foredrag-ved-susanne-v-knudsen-og-else-bisgaard\\\/\",\"name\":\"Limfjordsdigterne: Foredrag ved Susanne V. Knudsen og Else Bisgaard -\",\"isPartOf\":{\"@id\":\"https:\\\/\\\/morsoelitteraturforening.dk\\\/#website\"},\"primaryImageOfPage\":{\"@id\":\"https:\\\/\\\/morsoelitteraturforening.dk\\\/index.php\\\/limfjordsdigterne-foredrag-ved-susanne-v-knudsen-og-else-bisgaard\\\/#primaryimage\"},\"image\":{\"@id\":\"https:\\\/\\\/morsoelitteraturforening.dk\\\/index.php\\\/limfjordsdigterne-foredrag-ved-susanne-v-knudsen-og-else-bisgaard\\\/#primaryimage\"},\"thumbnailUrl\":\"https:\\\/\\\/morsoelitteraturforening.dk\\\/wp-content\\\/uploads\\\/2023\\\/02\\\/AnneLiseMarstrandJorgensen_20feb23.jpg\",\"datePublished\":\"2024-01-04T21:24:27+00:00\",\"dateModified\":\"2024-01-04T21:33:21+00:00\",\"breadcrumb\":{\"@id\":\"https:\\\/\\\/morsoelitteraturforening.dk\\\/index.php\\\/limfjordsdigterne-foredrag-ved-susanne-v-knudsen-og-else-bisgaard\\\/#breadcrumb\"},\"inLanguage\":\"da-DK\",\"potentialAction\":[{\"@type\":\"ReadAction\",\"target\":[\"https:\\\/\\\/morsoelitteraturforening.dk\\\/index.php\\\/limfjordsdigterne-foredrag-ved-susanne-v-knudsen-og-else-bisgaard\\\/\"]}]},{\"@type\":\"ImageObject\",\"inLanguage\":\"da-DK\",\"@id\":\"https:\\\/\\\/morsoelitteraturforening.dk\\\/index.php\\\/limfjordsdigterne-foredrag-ved-susanne-v-knudsen-og-else-bisgaard\\\/#primaryimage\",\"url\":\"https:\\\/\\\/morsoelitteraturforening.dk\\\/wp-content\\\/uploads\\\/2023\\\/02\\\/AnneLiseMarstrandJorgensen_20feb23.jpg\",\"contentUrl\":\"https:\\\/\\\/morsoelitteraturforening.dk\\\/wp-content\\\/uploads\\\/2023\\\/02\\\/AnneLiseMarstrandJorgensen_20feb23.jpg\",\"width\":1200,\"height\":900},{\"@type\":\"BreadcrumbList\",\"@id\":\"https:\\\/\\\/morsoelitteraturforening.dk\\\/index.php\\\/limfjordsdigterne-foredrag-ved-susanne-v-knudsen-og-else-bisgaard\\\/#breadcrumb\",\"itemListElement\":[{\"@type\":\"ListItem\",\"position\":1,\"name\":\"Hjem\",\"item\":\"https:\\\/\\\/morsoelitteraturforening.dk\\\/\"},{\"@type\":\"ListItem\",\"position\":2,\"name\":\"Limfjordsdigterne: Foredrag ved Susanne V. Knudsen og Else Bisgaard\"}]},{\"@type\":\"WebSite\",\"@id\":\"https:\\\/\\\/morsoelitteraturforening.dk\\\/#website\",\"url\":\"https:\\\/\\\/morsoelitteraturforening.dk\\\/\",\"name\":\"\",\"description\":\"\",\"potentialAction\":[{\"@type\":\"SearchAction\",\"target\":{\"@type\":\"EntryPoint\",\"urlTemplate\":\"https:\\\/\\\/morsoelitteraturforening.dk\\\/?s={search_term_string}\"},\"query-input\":{\"@type\":\"PropertyValueSpecification\",\"valueRequired\":true,\"valueName\":\"search_term_string\"}}],\"inLanguage\":\"da-DK\"}]}<\/script>\n<!-- \/ Yoast SEO plugin. -->","yoast_head_json":{"title":"Limfjordsdigterne: Foredrag ved Susanne V. Knudsen og Else Bisgaard -","robots":{"index":"index","follow":"follow","max-snippet":"max-snippet:-1","max-image-preview":"max-image-preview:large","max-video-preview":"max-video-preview:-1"},"canonical":"https:\/\/morsoelitteraturforening.dk\/index.php\/limfjordsdigterne-foredrag-ved-susanne-v-knudsen-og-else-bisgaard\/","og_locale":"da_DK","og_type":"article","og_title":"Limfjordsdigterne: Foredrag ved Susanne V. Knudsen og Else Bisgaard -","og_description":"St\u00f8berisalen, Mors\u00f8 Folkebibliotek, Holgersgade 7, 7900 Nyk\u00f8bing Mors Entr\u00e9: Gratis for medlemmer af Mors\u00f8 Litteraturforening \/ 75 kr. for ikke-medlemmer Tirsdag den 27. februar kl. 19:30 Limfjordsdigterne: Foredrag ved Susanne V. Knudsen og Else Bisgaard. Susanne V. Knudsen og Else Bisgaard vil i foredraget retteopm\u00e6rksomheden mod Limfjordsegnens forfattere 1820 \u2013 1930. I disse \u00e5r voksede [&hellip;]","og_url":"https:\/\/morsoelitteraturforening.dk\/index.php\/limfjordsdigterne-foredrag-ved-susanne-v-knudsen-og-else-bisgaard\/","article_modified_time":"2024-01-04T21:33:21+00:00","og_image":[{"url":"https:\/\/morsoelitteraturforening.dk\/wp-content\/uploads\/2023\/02\/AnneLiseMarstrandJorgensen_20feb23.jpg","type":"","width":"","height":""}],"twitter_card":"summary_large_image","twitter_misc":{"Estimeret l\u00e6setid":"2 minutter"},"schema":{"@context":"https:\/\/schema.org","@graph":[{"@type":"WebPage","@id":"https:\/\/morsoelitteraturforening.dk\/index.php\/limfjordsdigterne-foredrag-ved-susanne-v-knudsen-og-else-bisgaard\/","url":"https:\/\/morsoelitteraturforening.dk\/index.php\/limfjordsdigterne-foredrag-ved-susanne-v-knudsen-og-else-bisgaard\/","name":"Limfjordsdigterne: Foredrag ved Susanne V. Knudsen og Else Bisgaard -","isPartOf":{"@id":"https:\/\/morsoelitteraturforening.dk\/#website"},"primaryImageOfPage":{"@id":"https:\/\/morsoelitteraturforening.dk\/index.php\/limfjordsdigterne-foredrag-ved-susanne-v-knudsen-og-else-bisgaard\/#primaryimage"},"image":{"@id":"https:\/\/morsoelitteraturforening.dk\/index.php\/limfjordsdigterne-foredrag-ved-susanne-v-knudsen-og-else-bisgaard\/#primaryimage"},"thumbnailUrl":"https:\/\/morsoelitteraturforening.dk\/wp-content\/uploads\/2023\/02\/AnneLiseMarstrandJorgensen_20feb23.jpg","datePublished":"2024-01-04T21:24:27+00:00","dateModified":"2024-01-04T21:33:21+00:00","breadcrumb":{"@id":"https:\/\/morsoelitteraturforening.dk\/index.php\/limfjordsdigterne-foredrag-ved-susanne-v-knudsen-og-else-bisgaard\/#breadcrumb"},"inLanguage":"da-DK","potentialAction":[{"@type":"ReadAction","target":["https:\/\/morsoelitteraturforening.dk\/index.php\/limfjordsdigterne-foredrag-ved-susanne-v-knudsen-og-else-bisgaard\/"]}]},{"@type":"ImageObject","inLanguage":"da-DK","@id":"https:\/\/morsoelitteraturforening.dk\/index.php\/limfjordsdigterne-foredrag-ved-susanne-v-knudsen-og-else-bisgaard\/#primaryimage","url":"https:\/\/morsoelitteraturforening.dk\/wp-content\/uploads\/2023\/02\/AnneLiseMarstrandJorgensen_20feb23.jpg","contentUrl":"https:\/\/morsoelitteraturforening.dk\/wp-content\/uploads\/2023\/02\/AnneLiseMarstrandJorgensen_20feb23.jpg","width":1200,"height":900},{"@type":"BreadcrumbList","@id":"https:\/\/morsoelitteraturforening.dk\/index.php\/limfjordsdigterne-foredrag-ved-susanne-v-knudsen-og-else-bisgaard\/#breadcrumb","itemListElement":[{"@type":"ListItem","position":1,"name":"Hjem","item":"https:\/\/morsoelitteraturforening.dk\/"},{"@type":"ListItem","position":2,"name":"Limfjordsdigterne: Foredrag ved Susanne V. Knudsen og Else Bisgaard"}]},{"@type":"WebSite","@id":"https:\/\/morsoelitteraturforening.dk\/#website","url":"https:\/\/morsoelitteraturforening.dk\/","name":"","description":"","potentialAction":[{"@type":"SearchAction","target":{"@type":"EntryPoint","urlTemplate":"https:\/\/morsoelitteraturforening.dk\/?s={search_term_string}"},"query-input":{"@type":"PropertyValueSpecification","valueRequired":true,"valueName":"search_term_string"}}],"inLanguage":"da-DK"}]}},"_links":{"self":[{"href":"https:\/\/morsoelitteraturforening.dk\/index.php\/wp-json\/wp\/v2\/pages\/828","targetHints":{"allow":["GET"]}}],"collection":[{"href":"https:\/\/morsoelitteraturforening.dk\/index.php\/wp-json\/wp\/v2\/pages"}],"about":[{"href":"https:\/\/morsoelitteraturforening.dk\/index.php\/wp-json\/wp\/v2\/types\/page"}],"author":[{"embeddable":true,"href":"https:\/\/morsoelitteraturforening.dk\/index.php\/wp-json\/wp\/v2\/users\/3"}],"replies":[{"embeddable":true,"href":"https:\/\/morsoelitteraturforening.dk\/index.php\/wp-json\/wp\/v2\/comments?post=828"}],"version-history":[{"count":3,"href":"https:\/\/morsoelitteraturforening.dk\/index.php\/wp-json\/wp\/v2\/pages\/828\/revisions"}],"predecessor-version":[{"id":862,"href":"https:\/\/morsoelitteraturforening.dk\/index.php\/wp-json\/wp\/v2\/pages\/828\/revisions\/862"}],"wp:attachment":[{"href":"https:\/\/morsoelitteraturforening.dk\/index.php\/wp-json\/wp\/v2\/media?parent=828"}],"curies":[{"name":"wp","href":"https:\/\/api.w.org\/{rel}","templated":true}]}}